en thousands digit of 1456542839?
4
What is the thousands digit of 16293696?
3
What is the millions digit of 12947326?
2
What is the units digit of 191899252?
2
What is the ten thousands digit of 44962108?
6
What is the tens digit of 2752600?
0
What is the tens digit of 194544348?
4
What is the units digit of 27297962?
2
What is the ten millions digit of 1518001605?
1
What is the tens digit of 64005143?
4
What is the thousands digit of 1293940214?
0
What is the hundred thousands digit of 2401868623?
8
What is the ten millions digit of 197304738?
9
What is the thousands digit of 376137557?
7
What is the tens digit of 2496503?
0
What is the thousands digit of 73957951?
7
What is the units digit of 2454168563?
3
What is the ten thousands digit of 704614297?
1
What is the hundreds digit of 17210097?
0
What is the hundred thousands digit of 12822586?
8
What is the hundreds digit of 5411152740?
7
What is the hundred millions digit of 254428419?
2
What is the units digit of 17343531?
1
What is the millions digit of 12934870?
2
What is the tens digit of 27638071?
7
What is the units digit of 164534478?
8
What is the hundreds digit of 199604330?
3
What is the hundred thousands digit of 96664802?
6
What is the hundreds digit of 23832584?
5
What is the units digit of 123844610?
0
What is the units digit of 115054780?
0
What is the units digit of 15009188?
8
What is the millions digit of 371117931?
1
What is the millions digit of 21452543?
1
What is the hundreds digit of 5255059412?
4
What is the ten thousands digit of 239686938?
8
What is the units digit of 746511806?
6
What is the units digit of 138822359?
9
What is the hundred thousands digit of 193160174?
1
What is the millions digit of 160643197?
0
What is the tens digit of 49776711?
1
What is the thousands digit of 1431952610?
2
What is the ten millions digit of 602418272?
0
What is the units digit of 15927736?
6
What is the hundred millions digit of 178972244?
1
What is the units digit of 55157480?
0
What is the ten thousands digit of 141477591?
7
What is the ten millions digit of 449168605?
4
What is the millions digit of 38190241?
8
What is the hundred millions digit of 1165683851?
1
What is the hundred thousands digit of 225930122?
9
What is the hundreds digit of 290859944?
9
What is the thousands digit of 55533291?
3
What is the thousands digit of 1150613785?
3
What is the hundred millions digit of 258969795?
2
What is the billions digit of 2036635405?
2
What is the millions digit of 538434587?
8
What is the thousands digit of 9914118?
4
What is the hundred thousands digit of 419576354?
5
What is the tens digit of 699298156?
5
What is the tens digit of 312343893?
9
What is the millions digit of 66489332?
6
What is the units digit of 6747862961?
1
What is the thousands digit of 264704380?
4
What is the millions digit of 73296239?
3
What is the ten thousands digit of 950600039?
0
What is the hundreds digit of 99951544?
5
What is the units digit of 679605947?
7
What is the hundred millions digit of 3951951382?
9
What is the ten millions digit of 1484340035?
8
What is the units digit of 65887680?
0
What is the ten millions digit of 333263310?
3
What is the tens digit of 82272370?
7
What is the units digit of 78361958?
8
What is the tens digit of 121737547?
4
What is the hundred millions digit of 113444149?
1
What is the millions digit of 2901055016?
1
What is the hundreds digit of 14336956?
9
What is the hundreds digit of 295832599?
5
What is the tens digit of 974903138?
3
What is the thousands digit of 1748466693?
6
What is the millions digit of 90317973?
0
What is the ten millions digit of 157827187?
5
What is the ten thousands digit of 732049800?
4
What is the billions digit of 2216714985?
2
What is the units digit of 84585626?
6
What is the hundreds digit of 325469753?
7
What is the units digit of 981840?
0
What is the ten millions digit of 66933001?
6
What is the hundred thousands digit of 222350642?
3
What is the ten millions digit of 1996834536?
9
What is the hundred millions digit of 360118737?
3
What is the hundred thousands digit of 1824279751?
2
What is the hundreds digit of 1509190697?
6
What is the hundred millions digit of 1680736660?
6
What is the hundreds digit of 13545522?
5
What is the tens digit of 16796042?
4
What is the hundreds digit of 2531896092?
0
What is the millions digit of 37529551?
7
What is the thousands digit of 48543655?
3
What is the hundred thousands digit of 281071595?
0
What is the tens digit of 87400615?
1
What is the ten thousands digit of 11093039?
9
What is the hundred thousands digit of 4493400102?
4
What is the thousands digit of 40519639?
9
What is the ten millions digit of 1775669117?
7
What is the tens digit of 120789630?
3
What is the units digit of 104066153?
3
What is the tens digit of 213984103?
0
What is the thousands digit of 49500740?
0
What is the units digit of 250995962?
2
What is the tens digit of 2259833725?
2
What is the tens digit of 7026080723?
2
What is the ten thousands digit of 83158003?
5
What is the units digit of 7022953?
3
What is the thousands digit of 65486966?
6
What is the hundred millions digit of 6422414552?
4
What is the ten millions digit of 53430299?
5
What is the thousands digit of 214816116?
6
What is the units digit of 520230684?
4
What is the tens digit of 125888122?
2
What is the hundred thousands digit of 110513162?
5
What is the hundred thousands digit of 133514865?
5
What is the units digit of 930190118?
8
What is the units digit of 369113708?
8
What is the ten thousands digit of 4730039718?
3
What is the hundreds digit of 614510661?
6
What is the billions digit of 1033677911?
1
What is the millions digit of 108121856?
8
What is the hundreds digit of 59549025?
0
What is the hundred thousands digit of 2605221143?
2
What is the thousands digit of 71030228?
0
What is the ten thousands digit of 74526278?
2
What is the tens digit of 424808354?
5
What is the ten thousands digit of 157302220?
0
What is the ten millions digit of 703421045?
0
What is the hundreds digit of 544945823?
8
What is the ten millions digit of 44344690?
4
What is the hundreds digit of 61088305?
3
What is the tens digit of 213785401?
0
What is the tens digit of 160368533?
3
What is the hundreds digit of 1010458358?
3
What is the units digit of 92698410?
0
What is the tens digit of 838980077?
7
What is the units digit of 392357235?
5
What is the ten thousands digit of 705659787?
5
What is the ten millions digit of 148319800?
4
What is the hundred thousands digit of 405954530?
9
What is the hundreds digit of 46865591?
5
What is the hundreds digit of 29169577?
5
What is the hundreds digit of 3547522133?
1
What is the thousands digit of 1810881214?
1
What is the units digit of 481011338?
8
What is the hundred thousands digit of 65130911?
1
What is the hundreds digit of 269617349?
3
What is the hundred thousands digit of 35953168?
9
What is the hundreds digit of 69746986?
9
What is the hundred millions digit of 160760638?
1
What is the hundred thousands digit of 3560757977?
7
What is the thousands digit of 96010069?
0
What is the thousands digit of 617031385?
1
What is the millions digit of 103858877?
3
What is the millions digit of 2904411423?
4
What is the ten thousands digit of 152184521?
8
What is the hundred thousands digit of 646353786?
3
What is the tens digit of 33995995?
9
What is the hundred thousands digit of 17577129?
5
What is the ten millions digit of 3736134487?
3
What is the tens digit of 52692344?
4
What is the thousands digit of 4016035581?
5
What is the hundred millions digit of 5789049056?
7
What is the hundred millions digit of 124396209?
1
What is the tens digit of 54516871?
7
What is the millions digit of 6563307505?
3
What is the hundreds digit of 1959031641?
6
What is the thousands digit of 88818790?
8
What is the thousands digit of 417210981?
0
What is the units digit of 86010309?
9
What is the ten thousands digit of 1914769538?
6
What is the tens digit of 93193379?
7
What is the tens digit of 3045748060?
6
What is the hundred thousands digit of 800587004?
5
What is the hundred thousands digit of 53599226?
5
What is the units digit of 191360542?
2
What is the thousands digit of 40419135?
9
What is the ten thousands digit of 